{"id":762,"date":"2025-11-19T10:27:11","date_gmt":"2025-11-19T10:27:11","guid":{"rendered":"https:\/\/nnpa.eu\/home\/?page_id=762"},"modified":"2026-02-12T11:16:55","modified_gmt":"2026-02-12T11:16:55","slug":"membership-application-form","status":"publish","type":"page","link":"https:\/\/nnpa.eu\/home\/membership-application-form\/","title":{"rendered":"Membership application form"},"content":{"rendered":"\t\t<div data-elementor-type=\"wp-page\" data-elementor-id=\"762\" class=\"elementor elementor-762\" data-elementor-settings=\"[]\">\n\t\t\t\t\t\t\t<div class=\"elementor-section-wrap\">\n\t\t\t\t\t\t\t<section class=\"elementor-section elementor-top-section elementor-element elementor-element-14f75ae elementor-section-boxed elementor-section-height-default elementor-section-height-default\" data-id=\"14f75ae\" data-element_type=\"section\">\n\t\t\t\t\t\t<div class=\"elementor-container elementor-column-gap-default\">\n\t\t\t\t\t<div class=\"elementor-column elementor-col-100 elementor-top-column elementor-element elementor-element-09e136a\" data-id=\"09e136a\" data-element_type=\"column\">\n\t\t\t<div class=\"elementor-widget-wrap elementor-element-populated\">\n\t\t\t\t\t\t\t\t<div class=\"elementor-element elementor-element-23bf869 elementor-widget elementor-widget-spacer\" data-id=\"23bf869\" data-element_type=\"widget\" data-widget_type=\"spacer.default\">\n\t\t\t\t<div class=\"elementor-widget-container\">\n\t\t\t\t\t<div class=\"elementor-spacer\">\n\t\t\t<div class=\"elementor-spacer-inner\"><\/div>\n\t\t<\/div>\n\t\t\t\t<\/div>\n\t\t\t\t<\/div>\n\t\t\t\t<div class=\"elementor-element elementor-element-262ed8d elementor-widget elementor-widget-heading\" data-id=\"262ed8d\" data-element_type=\"widget\" data-widget_type=\"heading.default\">\n\t\t\t\t<div class=\"elementor-widget-container\">\n\t\t\t<h1 class=\"elementor-heading-title elementor-size-default\">Membership application form<\/h1>\t\t<\/div>\n\t\t\t\t<\/div>\n\t\t\t\t<div class=\"elementor-element elementor-element-e685f66 elementor-widget elementor-widget-text-editor\" data-id=\"e685f66\" data-element_type=\"widget\" data-widget_type=\"text-editor.default\">\n\t\t\t\t<div class=\"elementor-widget-container\">\n\t\t\t\t\t\t\t<p>To the non-profit association:<br \/>European Nicotine Pouches Alliance ASBL<br \/>Rue Am\u00e9ricaine 76<br \/>1050 Ixelles<br \/>Belgium<br \/>the \u201cAssociation\u201d<\/p>\t\t\t\t\t\t<\/div>\n\t\t\t\t<\/div>\n\t\t\t\t<div class=\"elementor-element elementor-element-0a63f53 elementor-widget elementor-widget-text-editor\" data-id=\"0a63f53\" data-element_type=\"widget\" data-widget_type=\"text-editor.default\">\n\t\t\t\t<div class=\"elementor-widget-container\">\n\t\t\t\t\t\t\t<p data-start=\"126\" data-end=\"518\">With this present letter, the undersigned, <strong data-start=\"169\" data-end=\"192\">[NAME OF APPLICANT]<\/strong>, a company under <strong data-start=\"210\" data-end=\"229\">[GOVERNING LAW]<\/strong> law, having its registered seat at <strong data-start=\"265\" data-end=\"278\">[ADDRESS]<\/strong>, represented by <strong data-start=\"295\" data-end=\"334\">[NAME OF AUTHORISED REPRESENTATIVE]<\/strong>, and registered with the <strong data-start=\"360\" data-end=\"373\">[COUNTRY]<\/strong> commercial register under number <strong data-start=\"407\" data-end=\"427\">[COMPANY NUMBER]<\/strong>, hereby submits its application to be admitted as an associate member of the Association.<\/p><p data-start=\"520\" data-end=\"667\">In accordance with the admission procedure set out in article 7 of the articles of association of the Association, the undersigned hereby confirms:<\/p><ol data-start=\"669\" data-end=\"1108\"><li data-start=\"669\" data-end=\"719\"><p data-start=\"672\" data-end=\"719\">Being active in the nicotine pouch value chain;<\/p><\/li><li data-start=\"721\" data-end=\"933\"><p data-start=\"724\" data-end=\"933\">Supporting and adhering to the positions shared by the Association, according to which the EU should adopt tobacco risk reduction as a public health strategy aimed at minimizing the negative impact of smoking;<\/p><\/li><li data-start=\"935\" data-end=\"1108\"><p data-start=\"938\" data-end=\"1108\">Promoting a sustainable and responsible regulatory framework for tobacco-free nicotine pouches within the EU, in line with the positions advocated by the Association; and<\/p><\/li><\/ol><p data-start=\"1110\" data-end=\"1233\">The undersigned acknowledges having <a href=\"https:\/\/nnpa.eu\/wp-content\/uploads\/2026\/02\/ENPA_AofA_2025.pdf\">read the Articles of Association of the Association<\/a> and undertakes to comply with them.<\/p><p data-start=\"1235\" data-end=\"1374\">The undersigned would be grateful if you would accept its application and to enter it accordingly in the Association&#8217;s register of members.<\/p><p data-start=\"1376\" data-end=\"1386\">Sincerely,<\/p><p data-start=\"1388\" data-end=\"1467\"><strong data-start=\"1388\" data-end=\"1411\">[NAME OF APPLICANT]<\/strong>, represented by <strong data-start=\"1428\" data-end=\"1467\">[NAME OF AUTHORISED REPRESENTATIVE]<\/strong><\/p>\t\t\t\t\t\t<\/div>\n\t\t\t\t<\/div>\n\t\t\t\t<div class=\"elementor-element elementor-element-adcba91 elementor-widget elementor-widget-shortcode\" data-id=\"adcba91\" data-element_type=\"widget\" data-widget_type=\"shortcode.default\">\n\t\t\t\t<div class=\"elementor-widget-container\">\n\t\t\t\t\t<div class=\"elementor-shortcode\">\n<div class=\"wpcf7 no-js\" id=\"wpcf7-f763-o1\" lang=\"en-US\" dir=\"ltr\" data-wpcf7-id=\"763\">\n<div class=\"screen-reader-response\"><p role=\"status\" aria-live=\"polite\" aria-atomic=\"true\"><\/p> <ul><\/ul><\/div>\n<form action=\"\/home\/wp-json\/wp\/v2\/pages\/762#wpcf7-f763-o1\" method=\"post\" class=\"wpcf7-form init\" aria-label=\"Contact form\" novalidate=\"novalidate\" data-status=\"init\">\n<fieldset class=\"hidden-fields-container\"><input type=\"hidden\" name=\"_wpcf7\" value=\"763\" \/><input type=\"hidden\" name=\"_wpcf7_version\" value=\"6.1.1\" \/><input type=\"hidden\" name=\"_wpcf7_locale\" value=\"en_US\" \/><input type=\"hidden\" name=\"_wpcf7_unit_tag\" value=\"wpcf7-f763-o1\" \/><input type=\"hidden\" name=\"_wpcf7_container_post\" value=\"0\" \/><input type=\"hidden\" name=\"_wpcf7_posted_data_hash\" value=\"\" \/>\n<\/fieldset>\n<p><label>Name of applicant:<\/label><br \/>\n<span class=\"wpcf7-form-control-wrap\" data-name=\"applicant-name\"><input size=\"40\" maxlength=\"400\" class=\"wpcf7-form-control wpcf7-text wpcf7-validates-as-required\" aria-required=\"true\" aria-invalid=\"false\" value=\"\" type=\"text\" name=\"applicant-name\" \/><\/span>\n<\/p>\n<p><label>Governing law:<\/label><br \/>\n<span class=\"wpcf7-form-control-wrap\" data-name=\"governing-law\"><input size=\"40\" maxlength=\"400\" class=\"wpcf7-form-control wpcf7-text wpcf7-validates-as-required\" aria-required=\"true\" aria-invalid=\"false\" value=\"\" type=\"text\" name=\"governing-law\" \/><\/span>\n<\/p>\n<p><label>Address:<\/label><br \/>\n<span class=\"wpcf7-form-control-wrap\" data-name=\"address\"><input size=\"40\" maxlength=\"400\" class=\"wpcf7-form-control wpcf7-text wpcf7-validates-as-required\" aria-required=\"true\" aria-invalid=\"false\" value=\"\" type=\"text\" name=\"address\" \/><\/span>\n<\/p>\n<p><label>Name of authorised representative:<\/label><br \/>\n<span class=\"wpcf7-form-control-wrap\" data-name=\"authorised-representative\"><input size=\"40\" maxlength=\"400\" class=\"wpcf7-form-control wpcf7-text wpcf7-validates-as-required\" aria-required=\"true\" aria-invalid=\"false\" value=\"\" type=\"text\" name=\"authorised-representative\" \/><\/span>\n<\/p>\n<p><label>Country:<\/label><br \/>\n<span class=\"wpcf7-form-control-wrap\" data-name=\"country\"><input size=\"40\" maxlength=\"400\" class=\"wpcf7-form-control wpcf7-text wpcf7-validates-as-required\" aria-required=\"true\" aria-invalid=\"false\" value=\"\" type=\"text\" name=\"country\" \/><\/span>\n<\/p>\n<p><label>Company number:<\/label><br \/>\n<span class=\"wpcf7-form-control-wrap\" data-name=\"company-number\"><input size=\"40\" maxlength=\"400\" class=\"wpcf7-form-control wpcf7-text wpcf7-validates-as-required\" aria-required=\"true\" aria-invalid=\"false\" value=\"\" type=\"text\" name=\"company-number\" \/><\/span>\n<\/p>\n<p><label class=\"agreement-label\"><br \/>\n<span class=\"wpcf7-form-control-wrap\" data-name=\"agreement\"><span class=\"wpcf7-form-control wpcf7-checkbox wpcf7-validates-as-required\"><span class=\"wpcf7-list-item first last\"><label><input type=\"checkbox\" name=\"agreement[]\" value=\"In accordance with the admission procedure set out in article 7 of the articles of association of the Association, the undersigned hereby confirms:\" \/><span class=\"wpcf7-list-item-label\">In accordance with the admission procedure set out in article 7 of the articles of association of the Association, the undersigned hereby confirms:<\/span><\/label><\/span><\/span><\/span><br \/>\n<\/label>\n<\/p>\n<div class=\"agreement-text\">\n\t<ul>\n\t\t<li>\n\t\t\t<p>Being active in the nicotine pouch value chain;\n\t\t\t<\/p>\n\t\t<\/li>\n\t\t<li>\n\t\t\t<p>Supporting and adhering to the positions shared by the Association, according to which the EU should adopt tobacco risk reduction as a public health strategy aimed at minimizing the negative impact of smoking;\n\t\t\t<\/p>\n\t\t<\/li>\n\t\t<li>\n\t\t\t<p>Promoting a sustainable and responsible regulatory framework for tobacco-free nicotine pouches within the EU, in line with the positions advocated by the Association;\n\t\t\t<\/p>\n\t\t<\/li>\n\t<\/ul>\n\t<div class=\"agreement-text\">\n\t\t<p>The undersigned acknowledges having read the Articles of Association of the Association and undertakes to comply with them.\n\t\t<\/p>\n\t<\/div>\n\t<div class=\"agreement-text\">\n\t\t<p>The undersigned would be grateful if you would accept its application and to enter it accordingly in the Association's register of members.\n\t\t<\/p>\n\t<\/div>\n<\/div>\n<p><div id=\"cf7sr-69e365a9d78ac\" class=\"cf7sr-g-recaptcha\" data-theme=\"light\" data-type=\"image\" data-size=\"normal\" data-sitekey=\"6Ldiwb0rAAAAAAnv_i2it4o7SW0Db3YiQjhV1RQa\"><\/div><span class=\"wpcf7-form-control-wrap cf7sr-recaptcha\" data-name=\"cf7sr-recaptcha\"><input type=\"hidden\" name=\"cf7sr-recaptcha\" value=\"\" class=\"wpcf7-form-control\"><\/span>\n<\/p>\n<p><input class=\"wpcf7-form-control wpcf7-submit has-spinner\" type=\"submit\" value=\"Submit\" \/>\n<\/p><div class=\"wpcf7-response-output\" aria-hidden=\"true\"><\/div>\n<\/form>\n<\/div>\n<\/div>\n\t\t\t\t<\/div>\n\t\t\t\t<\/div>\n\t\t\t\t<div class=\"elementor-element elementor-element-5475987 elementor-widget elementor-widget-button\" data-id=\"5475987\" data-element_type=\"widget\" data-widget_type=\"button.default\">\n\t\t\t\t<div class=\"elementor-widget-container\">\n\t\t\t\t\t<div class=\"elementor-button-wrapper\">\n\t\t\t<a href=\"https:\/\/nnpa.eu\/wp-content\/uploads\/2025\/12\/ENPA-ASBL-associated-membership-application-FR_EN-1.docx\" class=\"elementor-button-link elementor-button elementor-size-sm\" role=\"button\">\n\t\t\t\t\t\t<span class=\"elementor-button-content-wrapper\">\n\t\t\t\t\t\t<span class=\"elementor-button-icon elementor-align-icon-left\">\n\t\t\t\t<i aria-hidden=\"true\" class=\"far fa-file-word\"><\/i>\t\t\t<\/span>\n\t\t\t\t\t\t<span class=\"elementor-button-text\">Download the form in Word<\/span>\n\t\t<\/span>\n\t\t\t\t\t<\/a>\n\t\t<\/div>\n\t\t\t\t<\/div>\n\t\t\t\t<\/div>\n\t\t\t\t<div class=\"elementor-element elementor-element-6a72d69 elementor-widget elementor-widget-spacer\" data-id=\"6a72d69\" data-element_type=\"widget\" data-widget_type=\"spacer.default\">\n\t\t\t\t<div class=\"elementor-widget-container\">\n\t\t\t\t\t<div class=\"elementor-spacer\">\n\t\t\t<div class=\"elementor-spacer-inner\"><\/div>\n\t\t<\/div>\n\t\t\t\t<\/div>\n\t\t\t\t<\/div>\n\t\t\t\t\t<\/div>\n\t\t<\/div>\n\t\t\t\t\t\t\t<\/div>\n\t\t<\/section>\n\t\t\t\t<section class=\"elementor-section elementor-top-section elementor-element elementor-element-007c13e elementor-section-boxed elementor-section-height-default elementor-section-height-default\" data-id=\"007c13e\" data-element_type=\"section\">\n\t\t\t\t\t\t<div class=\"elementor-container elementor-column-gap-default\">\n\t\t\t\t\t<div class=\"elementor-column elementor-col-100 elementor-top-column elementor-element elementor-element-b513c9d\" data-id=\"b513c9d\" data-element_type=\"column\">\n\t\t\t<div class=\"elementor-widget-wrap elementor-element-populated\">\n\t\t\t\t\t\t\t\t<div class=\"elementor-element elementor-element-5b116bd elementor-widget elementor-widget-spacer\" data-id=\"5b116bd\" data-element_type=\"widget\" data-widget_type=\"spacer.default\">\n\t\t\t\t<div class=\"elementor-widget-container\">\n\t\t\t\t\t<div class=\"elementor-spacer\">\n\t\t\t<div class=\"elementor-spacer-inner\"><\/div>\n\t\t<\/div>\n\t\t\t\t<\/div>\n\t\t\t\t<\/div>\n\t\t\t\t<div class=\"elementor-element elementor-element-de557c6 elementor-widget elementor-widget-heading\" data-id=\"de557c6\" data-element_type=\"widget\" data-widget_type=\"heading.default\">\n\t\t\t\t<div class=\"elementor-widget-container\">\n\t\t\t<h1 class=\"elementor-heading-title elementor-size-default\">Formulaire de demande d\u2019adh\u00e9sion \u00e0 l\u2019association<\/h1>\t\t<\/div>\n\t\t\t\t<\/div>\n\t\t\t\t<div class=\"elementor-element elementor-element-e98af2d elementor-widget elementor-widget-text-editor\" data-id=\"e98af2d\" data-element_type=\"widget\" data-widget_type=\"text-editor.default\">\n\t\t\t\t<div class=\"elementor-widget-container\">\n\t\t\t\t\t\t\t<p>\u00c0 l\u2019association \u00e0 but non lucratif :<br \/>European Nicotine Pouches Alliance ASBL<br \/>Rue Am\u00e9ricaine 76<br \/>1050 Ixelles<br \/>Belgique<br \/>ci-apr\u00e8s \u00ab l\u2019Association \u00bb<\/p>\t\t\t\t\t\t<\/div>\n\t\t\t\t<\/div>\n\t\t\t\t<div class=\"elementor-element elementor-element-7ef71e9 elementor-widget elementor-widget-text-editor\" data-id=\"7ef71e9\" data-element_type=\"widget\" data-widget_type=\"text-editor.default\">\n\t\t\t\t<div class=\"elementor-widget-container\">\n\t\t\t\t\t\t\t<p data-start=\"54\" data-end=\"96\">Chers membres du conseil d&#8217;administration,<\/p><p data-start=\"98\" data-end=\"163\"><strong data-start=\"98\" data-end=\"163\">Concernant :\u2003Demande d\u2019adh\u00e9sion comme membre de l\u2019Association<\/strong><\/p><p data-start=\"165\" data-end=\"534\">Par la pr\u00e9sente, la soussign\u00e9e, <strong data-start=\"197\" data-end=\"227\">[DENOMINATION DU CANDIDAT]<\/strong>, soci\u00e9t\u00e9 de droit <strong data-start=\"246\" data-end=\"268\">[DROIT APPLICABLE]<\/strong>, ayant son si\u00e8ge \u00e0 <strong data-start=\"288\" data-end=\"301\">[ADRESSE]<\/strong>, repr\u00e9sent\u00e9e par <strong data-start=\"319\" data-end=\"353\">[NOM DU REPR\u00c9SENTANT AUTORIS\u00c9]<\/strong>, et immatricul\u00e9e au registre du commerce de <strong data-start=\"398\" data-end=\"408\">[PAYS]<\/strong> sous le num\u00e9ro <strong data-start=\"424\" data-end=\"449\">[NUM\u00c9RO D\u2019ENTREPRISE]<\/strong>, soumet sa demande afin d\u2019\u00eatre admise en qualit\u00e9 de membre associ\u00e9 de l\u2019Association.<\/p><p data-start=\"536\" data-end=\"663\">Conform\u00e9ment \u00e0 la proc\u00e9dure d\u2019admission pr\u00e9vue \u00e0 l\u2019article 7 des statuts de l\u2019Association, la soussign\u00e9e confirme ce qui suit :<\/p><ol data-start=\"665\" data-end=\"1139\"><li data-start=\"665\" data-end=\"728\"><p data-start=\"668\" data-end=\"728\">\u00catre actif dans la cha\u00eene de valeur des sachets de nicotine;<\/p><\/li><li data-start=\"730\" data-end=\"956\"><p data-start=\"733\" data-end=\"956\">Soutenir et adh\u00e9rer aux positions partag\u00e9es par l&#8217;association, selon lesquelles l&#8217;UE devrait adopter la r\u00e9duction des risques li\u00e9s au tabac comme strat\u00e9gie de sant\u00e9 publique visant \u00e0 minimiser l&#8217;impact n\u00e9gatif du tabagisme;<\/p><\/li><li data-start=\"958\" data-end=\"1139\"><p data-start=\"961\" data-end=\"1139\">Promouvoir un cadre r\u00e9glementaire durable et responsable pour les sachets de nicotine sans tabac au sein de l\u2019UE, en alignement avec les positions d\u00e9fendues par l\u2019association; et<\/p><\/li><\/ol><p data-start=\"1141\" data-end=\"1246\">La soussign\u00e9e reconna\u00eet avoir pris connaissance <a href=\"https:\/\/nnpa.eu\/wp-content\/uploads\/2026\/02\/ENPA_AofA_2025.pdf\">des statuts de l&#8217;Association<\/a> et s&#8217;engage \u00e0 les respecter.<\/p><p data-start=\"1248\" data-end=\"1393\">La soussign\u00e9e vous serait reconnaissante d\u2019accepter sa candidature et de l\u2019inscrire en cons\u00e9quence dans le registre des membres de l\u2019Association.<\/p><p data-start=\"1395\" data-end=\"1408\">Cordialement,<\/p><p data-start=\"1410\" data-end=\"1492\"><strong data-start=\"1410\" data-end=\"1440\">[DENOMINATION DU CANDIDAT]<\/strong>, repr\u00e9sent\u00e9e par <strong data-start=\"1458\" data-end=\"1492\">[NOM DU REPR\u00c9SENTANT AUTORIS\u00c9]<\/strong><\/p>\t\t\t\t\t\t<\/div>\n\t\t\t\t<\/div>\n\t\t\t\t<div class=\"elementor-element elementor-element-d819529 elementor-widget elementor-widget-shortcode\" data-id=\"d819529\" data-element_type=\"widget\" data-widget_type=\"shortcode.default\">\n\t\t\t\t<div class=\"elementor-widget-container\">\n\t\t\t\t\t<div class=\"elementor-shortcode\">\n<div class=\"wpcf7 no-js\" id=\"wpcf7-f827-o2\" lang=\"en-US\" dir=\"ltr\" data-wpcf7-id=\"827\">\n<div class=\"screen-reader-response\"><p role=\"status\" aria-live=\"polite\" aria-atomic=\"true\"><\/p> <ul><\/ul><\/div>\n<form action=\"\/home\/wp-json\/wp\/v2\/pages\/762#wpcf7-f827-o2\" method=\"post\" class=\"wpcf7-form init\" aria-label=\"Contact form\" novalidate=\"novalidate\" data-status=\"init\">\n<fieldset class=\"hidden-fields-container\"><input type=\"hidden\" name=\"_wpcf7\" value=\"827\" \/><input type=\"hidden\" name=\"_wpcf7_version\" value=\"6.1.1\" \/><input type=\"hidden\" name=\"_wpcf7_locale\" value=\"en_US\" \/><input type=\"hidden\" name=\"_wpcf7_unit_tag\" value=\"wpcf7-f827-o2\" \/><input type=\"hidden\" name=\"_wpcf7_container_post\" value=\"0\" \/><input type=\"hidden\" name=\"_wpcf7_posted_data_hash\" value=\"\" \/>\n<\/fieldset>\n<p><label>D\u00e9nomination du candidat :<\/label><br \/>\n<span class=\"wpcf7-form-control-wrap\" data-name=\"applicant-name\"><input size=\"40\" maxlength=\"400\" class=\"wpcf7-form-control wpcf7-text wpcf7-validates-as-required\" aria-required=\"true\" aria-invalid=\"false\" value=\"\" type=\"text\" name=\"applicant-name\" \/><\/span>\n<\/p>\n<p><label>Droit applicable :<\/label><br \/>\n<span class=\"wpcf7-form-control-wrap\" data-name=\"governing-law\"><input size=\"40\" maxlength=\"400\" class=\"wpcf7-form-control wpcf7-text wpcf7-validates-as-required\" aria-required=\"true\" aria-invalid=\"false\" value=\"\" type=\"text\" name=\"governing-law\" \/><\/span>\n<\/p>\n<p><label>Adresse :<\/label><br \/>\n<span class=\"wpcf7-form-control-wrap\" data-name=\"address\"><input size=\"40\" maxlength=\"400\" class=\"wpcf7-form-control wpcf7-text wpcf7-validates-as-required\" aria-required=\"true\" aria-invalid=\"false\" value=\"\" type=\"text\" name=\"address\" \/><\/span>\n<\/p>\n<p><label>Nom du repr\u00e9sentant autoris\u00e9 :<\/label><br \/>\n<span class=\"wpcf7-form-control-wrap\" data-name=\"authorised-representative\"><input size=\"40\" maxlength=\"400\" class=\"wpcf7-form-control wpcf7-text wpcf7-validates-as-required\" aria-required=\"true\" aria-invalid=\"false\" value=\"\" type=\"text\" name=\"authorised-representative\" \/><\/span>\n<\/p>\n<p><label>Pays :<\/label><br \/>\n<span class=\"wpcf7-form-control-wrap\" data-name=\"country\"><input size=\"40\" maxlength=\"400\" class=\"wpcf7-form-control wpcf7-text wpcf7-validates-as-required\" aria-required=\"true\" aria-invalid=\"false\" value=\"\" type=\"text\" name=\"country\" \/><\/span>\n<\/p>\n<p><label>Num\u00e9ro d\u2019entreprise :<\/label><br \/>\n<span class=\"wpcf7-form-control-wrap\" data-name=\"company-number\"><input size=\"40\" maxlength=\"400\" class=\"wpcf7-form-control wpcf7-text wpcf7-validates-as-required\" aria-required=\"true\" aria-invalid=\"false\" value=\"\" type=\"text\" name=\"company-number\" \/><\/span>\n<\/p>\n<p><label class=\"agreement-label\"><br \/>\n<span class=\"wpcf7-form-control-wrap\" data-name=\"agreement\"><span class=\"wpcf7-form-control wpcf7-checkbox wpcf7-validates-as-required\"><span class=\"wpcf7-list-item first last\"><label><input type=\"checkbox\" name=\"agreement[]\" value=\"Conform\u00e9ment \u00e0 la proc\u00e9dure d\u2019admission \u00e9nonc\u00e9e \u00e0 l\u2019article 7 des statuts de l\u2019Association, le soussign\u00e9 confirme par la pr\u00e9sente :\" \/><span class=\"wpcf7-list-item-label\">Conform\u00e9ment \u00e0 la proc\u00e9dure d\u2019admission \u00e9nonc\u00e9e \u00e0 l\u2019article 7 des statuts de l\u2019Association, le soussign\u00e9 confirme par la pr\u00e9sente :<\/span><\/label><\/span><\/span><\/span><br \/>\n<\/label>\n<\/p>\n<div class=\"agreement-text\">\n\t<ul>\n\t\t<li>\n\t\t\t<p>\u00catre actif dans la cha\u00eene de valeur des sachets de nicotine ;\n\t\t\t<\/p>\n\t\t<\/li>\n\t\t<li>\n\t\t\t<p>Soutenir et adh\u00e9rer aux positions partag\u00e9es par l\u2019Association, selon lesquelles l\u2019UE devrait adopter la r\u00e9duction des risques li\u00e9s au tabac comme strat\u00e9gie de sant\u00e9 publique visant \u00e0 minimiser l\u2019impact n\u00e9gatif du tabagisme ;\n\t\t\t<\/p>\n\t\t<\/li>\n\t\t<li>\n\t\t\t<p>Promouvoir un cadre r\u00e9glementaire durable et responsable pour les sachets de nicotine sans tabac au sein de l\u2019UE, conform\u00e9ment aux positions d\u00e9fendues par l\u2019Association ;\n\t\t\t<\/p>\n\t\t<\/li>\n\t<\/ul>\n\t<div class=\"agreement-text\">\n\t\t<p>Le soussign\u00e9 reconna\u00eet avoir lu les Statuts de l\u2019Association et s\u2019engage \u00e0 s\u2019y conformer.\n\t\t<\/p>\n\t<\/div>\n\t<div class=\"agreement-text\">\n\t\t<p>Le soussign\u00e9 serait reconnaissant \u00e0 l\u2019Association d\u2019accepter sa demande d\u2019adh\u00e9sion et de l\u2019inscrire en cons\u00e9quence dans le registre des membres.\n\t\t<\/p>\n\t<\/div>\n<\/div>\n<p><div id=\"cf7sr-69e365a9ddfc1\" class=\"cf7sr-g-recaptcha\" data-theme=\"light\" data-type=\"image\" data-size=\"normal\" data-sitekey=\"6Ldiwb0rAAAAAAnv_i2it4o7SW0Db3YiQjhV1RQa\"><\/div><span class=\"wpcf7-form-control-wrap cf7sr-recaptcha\" data-name=\"cf7sr-recaptcha\"><input type=\"hidden\" name=\"cf7sr-recaptcha\" value=\"\" class=\"wpcf7-form-control\"><\/span>\n<\/p>\n<p><input class=\"wpcf7-form-control wpcf7-submit has-spinner\" type=\"submit\" value=\"Envoyer\" \/>\n<\/p><div class=\"wpcf7-response-output\" aria-hidden=\"true\"><\/div>\n<\/form>\n<\/div>\n<\/div>\n\t\t\t\t<\/div>\n\t\t\t\t<\/div>\n\t\t\t\t<div class=\"elementor-element elementor-element-debb98f elementor-widget elementor-widget-button\" data-id=\"debb98f\" data-element_type=\"widget\" data-widget_type=\"button.default\">\n\t\t\t\t<div class=\"elementor-widget-container\">\n\t\t\t\t\t<div class=\"elementor-button-wrapper\">\n\t\t\t<a href=\"https:\/\/nnpa.eu\/wp-content\/uploads\/2025\/12\/ENPA-ASBL-associated-membership-application-FR_EN-1.docx\" class=\"elementor-button-link elementor-button elementor-size-sm\" role=\"button\">\n\t\t\t\t\t\t<span class=\"elementor-button-content-wrapper\">\n\t\t\t\t\t\t<span class=\"elementor-button-icon elementor-align-icon-left\">\n\t\t\t\t<i aria-hidden=\"true\" class=\"far fa-file-word\"><\/i>\t\t\t<\/span>\n\t\t\t\t\t\t<span class=\"elementor-button-text\">T\u00e9l\u00e9charger le formulaire en Word<\/span>\n\t\t<\/span>\n\t\t\t\t\t<\/a>\n\t\t<\/div>\n\t\t\t\t<\/div>\n\t\t\t\t<\/div>\n\t\t\t\t<div class=\"elementor-element elementor-element-7c440af elementor-widget elementor-widget-spacer\" data-id=\"7c440af\" data-element_type=\"widget\" data-widget_type=\"spacer.default\">\n\t\t\t\t<div class=\"elementor-widget-container\">\n\t\t\t\t\t<div class=\"elementor-spacer\">\n\t\t\t<div class=\"elementor-spacer-inner\"><\/div>\n\t\t<\/div>\n\t\t\t\t<\/div>\n\t\t\t\t<\/div>\n\t\t\t\t\t<\/div>\n\t\t<\/div>\n\t\t\t\t\t\t\t<\/div>\n\t\t<\/section>\n\t\t\t\t\t\t<\/div>\n\t\t\t\t\t<\/div>\n\t\t","protected":false},"excerpt":{"rendered":"<p>Membership application form To the non-profit association:European Nicotine Pouches Alliance ASBLRue Am\u00e9ricaine 761050 IxellesBelgiumthe \u201cAssociation\u201d With this present letter, the undersigned, [NAME OF APPLICANT], a company under [GOVERNING LAW] law, having its registered seat at [ADDRESS], represented by [NAME OF AUTHORISED REPRESENTATIVE], and registered with the [COUNTRY] commercial register under number [COMPANY NUMBER], hereby submits &hellip;<\/p>\n<p class=\"read-more\"> <a class=\"\" href=\"https:\/\/nnpa.eu\/home\/membership-application-form\/\"> <span class=\"screen-reader-text\">Membership application form<\/span> Read More &raquo;<\/a><\/p>\n","protected":false},"author":1,"featured_media":0,"parent":0,"menu_order":0,"comment_status":"closed","ping_status":"closed","template":"elementor_header_footer","meta":{"_acf_changed":false,"site-sidebar-layout":"default","site-content-layout":"default","ast-main-header-display":"","ast-hfb-above-header-display":"","ast-hfb-below-header-display":"","ast-hfb-mobile-header-display":"","site-post-title":"","ast-breadcrumbs-content":"","ast-featured-img":"","footer-sml-layout":"","theme-transparent-header-meta":"","adv-header-id-meta":"","stick-header-meta":"","header-above-stick-meta":"","header-main-stick-meta":"","header-below-stick-meta":"","footnotes":""},"class_list":["post-762","page","type-page","status-publish","hentry"],"acf":[],"_links":{"self":[{"href":"https:\/\/nnpa.eu\/home\/wp-json\/wp\/v2\/pages\/762","targetHints":{"allow":["GET"]}}],"collection":[{"href":"https:\/\/nnpa.eu\/home\/wp-json\/wp\/v2\/pages"}],"about":[{"href":"https:\/\/nnpa.eu\/home\/wp-json\/wp\/v2\/types\/page"}],"author":[{"embeddable":true,"href":"https:\/\/nnpa.eu\/home\/wp-json\/wp\/v2\/users\/1"}],"replies":[{"embeddable":true,"href":"https:\/\/nnpa.eu\/home\/wp-json\/wp\/v2\/comments?post=762"}],"version-history":[{"count":55,"href":"https:\/\/nnpa.eu\/home\/wp-json\/wp\/v2\/pages\/762\/revisions"}],"predecessor-version":[{"id":970,"href":"https:\/\/nnpa.eu\/home\/wp-json\/wp\/v2\/pages\/762\/revisions\/970"}],"wp:attachment":[{"href":"https:\/\/nnpa.eu\/home\/wp-json\/wp\/v2\/media?parent=762"}],"curies":[{"name":"wp","href":"https:\/\/api.w.org\/{rel}","templated":true}]}}